 ten thousands digit of 1286335?
8
What is the tens digit of 194083?
8
What is the hundreds digit of 2764?
7
What is the ten millions digit of 17271080?
1
What is the hundred thousands digit of 247678?
2
What is the units digit of 10279706?
6
What is the units digit of 2612821?
1
What is the ten thousands digit of 140605?
4
What is the hundreds digit of 1473187?
1
What is the hundred thousands digit of 272259?
2
What is the ten thousands digit of 110286?
1
What is the ten thousands digit of 13237655?
3
What is the ten thousands digit of 966608?
6
What is the ten thousands digit of 384408?
8
What is the hundred thousands digit of 1583675?
5
What is the hundreds digit of 1065088?
0
What is the hundred thousands digit of 324653?
3
What is the tens digit of 514984?
8
What is the millions digit of 1650957?
1
What is the hundreds digit of 1673067?
0
What is the millions digit of 1548120?
1
What is the tens digit of 1171305?
0
What is the ten thousands digit of 2106752?
0
What is the thousands digit of 473560?
3
What is the ten millions digit of 13269295?
1
What is the hundred thousands digit of 149469?
1
What is the thousands digit of 128391?
8
What is the units digit of 16177?
7
What is the ten thousands digit of 318614?
1
What is the hundred thousands digit of 34357720?
3
What is the millions digit of 8000919?
8
What is the units digit of 6314552?
2
What is the hundred thousands digit of 2115643?
1
What is the ten thousands digit of 207383?
0
What is the thousands digit of 8054702?
4
What is the units digit of 175092?
2
What is the hundreds digit of 1230567?
5
What is the hundred thousands digit of 1527985?
5
What is the tens digit of 1039755?
5
What is the units digit of 1523225?
5
What is the hundreds digit of 284875?
8
What is the millions digit of 1950718?
1
What is the tens digit of 64794?
9
What is the thousands digit of 10452858?
2
What is the hundreds digit of 648339?
3
What is the thousands digit of 16047424?
7
What is the ten thousands digit of 738338?
3
What is the thousands digit of 6116933?
6
What is the units digit of 1679240?
0
What is the ten thousands digit of 394690?
9
What is the hundred thousands digit of 1395307?
3
What is the hundreds digit of 1401020?
0
What is the ten thousands digit of 50235?
5
What is the ten thousands digit of 1145075?
4
What is the hundreds digit of 96915?
9
What is the hundreds digit of 1294798?
7
What is the tens digit of 12280917?
1
What is the units digit of 2136366?
6
What is the thousands digit of 36727221?
7
What is the tens digit of 822569?
6
What is the hundred thousands digit of 2683083?
6
What is the tens digit of 1820003?
0
What is the hundreds digit of 1113457?
4
What is the thousands digit of 11418524?
8
What is the units digit of 225192?
2
What is the tens digit of 2037741?
4
What is the thousands digit of 41261?
1
What is the millions digit of 5860147?
5
What is the thousands digit of 1180876?
0
What is the units digit of 2358050?
0
What is the tens digit of 90028?
2
What is the hundreds digit of 73360?
3
What is the hundreds digit of 5471064?
0
What is the thousands digit of 159498?
9
What is the units digit of 1576952?
2
What is the tens digit of 37837610?
1
What is the thousands digit of 468429?
8
What is the hundred thousands digit of 291610?
2
What is the hundreds digit of 382344?
3
What is the thousands digit of 370780?
0
What is the hundred thousands digit of 305070?
3
What is the ten millions digit of 10517470?
1
What is the units digit of 8890579?
9
What is the ten thousands digit of 22275123?
7
What is the hundreds digit of 4313720?
7
What is the ten thousands digit of 235441?
3
What is the ten thousands digit of 385226?
8
What is the hundred thousands digit of 1969599?
9
What is the tens digit of 27827?
2
What is the thousands digit of 8726576?
6
What is the millions digit of 10016226?
0
What is the units digit of 28132634?
4
What is the thousands digit of 32152332?
2
What is the units digit of 71722?
2
What is the hundreds digit of 530730?
7
What is the ten thousands digit of 453427?
5
What is the millions digit of 3101892?
3
What is the ten thousands digit of 210071?
1
What is the hundred thousands digit of 742501?
7
What is the hundred thousands digit of 1035514?
0
What is the units digit of 18688057?
7
What is the tens digit of 819556?
5
What is the thousands digit of 5382673?
2
What is the thousands digit of 135559?
5
What is the thousands digit of 962620?
2
What is the hundred thousands digit of 545663?
5
What is the tens digit of 940349?
4
What is the thousands digit of 86888?
6
What is the tens digit of 505495?
9
What is the hundreds digit of 746222?
2
What is the units digit of 351025?
5
What is the tens digit of 489183?
8
What is the units digit of 5652741?
1
What is the thousands digit of 393173?
3
What is the hundred thousands digit of 596206?
5
What is the tens digit of 133522?
2
What is the ten millions digit of 12712836?
1
What is the units digit of 5480062?
2
What is the tens digit of 1833787?
8
What is the tens digit of 1672586?
8
What is the hundreds digit of 1708525?
5
What is the ten thousands digit of 280162?
8
What is the hundreds digit of 8862?
8
What is the thousands digit of 30651?
0
What is the tens digit of 37939?
3
What is the millions digit of 4631404?
4
What is the units digit of 2612935?
5
What is the hundred thousands digit of 175364?
1
What is the units digit of 496051?
1
What is the units digit of 873443?
3
What is the tens digit of 895550?
5
What is the units digit of 660476?
6
What is the thousands digit of 237353?
7
What is the hundreds digit of 17668644?
6
What is the ten thousands digit of 56901?
5
What is the ten thousands digit of 900742?
0
What is the hundreds digit of 6573092?
0
What is the hundreds digit of 9372155?
1
What is the millions digit of 1115345?
1
What is the thousands digit of 6779750?
9
What is the tens digit of 41057?
5
What is the thousands digit of 3828456?
8
What is the tens digit of 51232?
3
What is the units digit of 26622465?
5
What is the thousands digit of 18815267?
5
What is the millions digit of 1644430?
1
What is the hundreds digit of 342290?
2
What is the tens digit of 170260?
6
What is the millions digit of 22657579?
2
What is the hundred thousands digit of 9629245?
6
What is the thousands digit of 8199236?
9
What is the hundred thousands digit of 298719?
2
What is the hundred thousands digit of 296956?
2
What is the units digit of 455222?
2
What is the ten thousands digit of 212116?
1
What is the hundreds digit of 436064?
0
What is the thousands digit of 272620?
2
What is the hundred thousands digit of 2920898?
9
What is the ten thousands digit of 25456442?
5
What is the hundred thousands digit of 1072704?
0
What is the thousands digit of 12440334?
0
What is the thousands digit of 318740?
8
What is the hundreds digit of 4821130?
1
What is the hundred thousands digit of 20503681?
5
What is the thousands digit of 216998?
6
What is the hundreds digit of 253324?
3
What is the hundreds digit of 10709375?
3
What is the ten thousands digit of 201485?
0
What is the millions digit of 15284626?
5
What is the hundreds digit of 283786?
7
What is the tens digit of 342262?
6
What is the thousands digit of 24723690?
3
What is the ten millions digit of 10162897?
1
What is the thousands digit of 8342?
8
What is the hundred thousands digit of 3617117?
6
What is the units digit of 4440459?
9
What is the tens digit of 927088?
8
What is the tens digit of 1078043?
4
What is the units digit of 221636?
6
What is the units digit of 1632657?
7
What is the thousands digit of 6945235?
5
What is the units digit of 164749?
9
What is the hundreds digit of 396349?
3
What is the ten thousands digit of 1273650?
7
What is the thousands digit of 288432?
8
What is the tens digit of 10489109?
0
What is the units digit of 337563?
3
What is the thousands digit of 784221?
4
What is the units digit of 381421?
1
What is the tens digit of 131985?
8
What is the tens digit of 3003732?
3
What is the units digit of 2970999?
9
What is the thousands digit of 170735?
0
What is the thousands digit of 531238?
1
What is the hundreds digit of 25922262?
2
What is the ten thousands digit of 177382?
7
What is the thousands digit of 344102?
4
What is the tens